*c = -225*c + 141225. What are the prime factors of c?
5, 269
Let h be 12/(5/2 - 4). Let s(x) = -4*x - 29. Let f be s(h). Suppose l - f*k - 91 = 0, -l - 2 + 73 = k. List the prime factors of l.
2, 19
Let n(v) be the third derivative of -1/3*v**3 + 0 + 2/3*v**5 - 1/24*v**4 + 0*v + 16*v**2. List the prime factors of n(2).
2, 3, 13
Let a(y) = y**3 + 9*y**2 + 64*y + 4. List the prime factors of a(13).
2, 3, 11, 23
Let t(y) = 12*y + 4. Let b(r) = 12*r + 5. Let m(p) = 3*b(p) - 4*t(p). Let n be m(-1). What are the prime factors of (58/5)/(n/110)?
2, 29
Suppose 4*m = 5*u + 61531, -158*m + 15385 = -157*m - 2*u. What are the prime factors of m?
7, 13
Let x(d) = -2*d**2 - 12*d - 10. Let p be x(-7). List the prime factors of (p/10*2)/(66/(-2640)).
2, 3
Let h(o) = -26*o**2 + 0 + 361*o - 7 + 57*o**2 - 368*o + 41*o**2. List the prime factors of h(-3).
2, 331
Let k = -92 + 86. Let p be (40/k)/((-10)/15). Suppose 0 = p*c + 132 - 742. List the prime factors of c.
61
Let y = -50 - -50. Suppose y = 2*j - 47 - 3. Suppose 27*u = j*u + 366. List the prime factors of u.
3, 61
List the prime factors of (-708)/1416 + (-18221)/(-2).
2, 5, 911
Let v(d) be the third derivative of -23*d**6/30 - d**5/60 - d**4/24 - d**3/6 - 3*d**2. Suppose -13*l - 3 = -10*l. What are the prime factors of v(l)?
7, 13
Let z = 62272 - 37082. What are the prime factors of z?
2, 5, 11, 229
Let b = 7913 - 18679. List the prime factors of (-2)/(-3) + (b/(-42) - 6).
251
Suppose -5*o + 17*g + 80723 = 20*g, -2*g = -3*o + 48411. What are the prime factors of o?
16141
Suppose 0 = 556*u - 548*u - 9472. Let b = u - 324. List the prime factors of b.
2, 5, 43
Let v(i) = i**2 + 11*i + 30. Let p be v(-5). Let d(w) = -15*w**2 - 4*w - 5. Let r be d(-2). What are the prime factors of (-4940)/r + (-2)/(-6) + p?
3, 29
Suppose -4*i - 95 = 201. Let b = 82 + i. Suppose 12 = 2*p + 4*v - b, -4*v = -p + 22. What are the prime factors of p?
2, 7
Suppose -u = -0*u - 2*b - 22, -92 = -5*u + b. Suppose 0*r - u = -6*r. Suppose -2*q + r*z = z - 18, 4*z - 18 = -2*q. What are the prime factors of q?
3
Suppose -716760 - 67475 = -67*a. What are the prime factors of a?
5, 2341
Let v(s) = 2*s**3 - 2*s**2 - 11*s + 4. Let t(c) = 8*c**3 - 8*c**2 - 44*c + 15. Let o(w) = 2*t(w) - 9*v(w). List the prime factors of o(-3).
3, 11
Let w be (0 + (-5)/2)/(35/(-70)). Suppose w = a - 6. Let m(z) = z**3 - 10*z**2 + 16*z - 12. List the prime factors of m(a).
3, 5, 19
Let t = -181 - -145. Let u = 316 - t. What are the prime factors of u?
2, 11
Suppose -14 = -3*u - 2. Suppose 5*f = u - 34. What are the prime factors of 1*2/f*(-314 - 13)?
109
Suppose 20*n + 14112984 = 296*n. List the prime factors of n.
2, 37, 691
Suppose 3 = -2*g + 15. Let f be ((-8)/g)/((-9)/(-63*3)). Let q = 24 - f. What are the prime factors of q?
2, 13
Let y(v) = -293*v**3 + 3*v**2 + 6*v + 3. What are the prime factors of y(-2)?
2347
Suppose -8*q = 4*q - 320 - 120124. List the prime factors of q.
10037
Let i = -24777 - -46997. List the prime factors of i.
2, 5, 11, 101
Let r be (14/8)/((-1)/8) + 1. Let t(w) = -w**2 - 41*w + 10. List the prime factors of t(r).
2, 11, 17
Suppose 0 = -9*j + 9108 + 32202. What are the prime factors of j?
2, 3, 5, 17
Suppose -21*o = 30*o + 16*o - 147802. What are the prime factors of o?
2, 1103
Let f(p) = p**3 + 63*p**2 - 193*p - 170. List the prime factors of f(-64).
2, 13, 311
Suppose 3*d + 84 = 9*d. Suppose -3*i + 2*s = 17, -d*s = -4*i - 16*s - 4. What are the prime factors of (-1)/i + (-77)/(-3)?
2, 13
Suppose -4*p = -5*h - 24201, 3*p - 18107 = h - 6*h. What are the prime factors of p?
2, 1511
Let q(c) = 2*c**3 - 9*c**2 + 8*c + 2. Let h be q(6). Suppose 5*w = -47 - h. Let k = 0 - w. List the prime factors of k.
41
List the prime factors of 2*(62 + 36)/(2/4).
2, 7
Suppose 0 = -5*q - 22 - 88. Let z = q - -29. Suppose -z*h + 4*h + 363 = 0. List the prime factors of h.
11
Let l(j) = 4*j**2 - 3*j - 793. What are the prime factors of l(-44)?
3, 787
Let b be 40/(-6) + ((-20)/(-3))/10. List the prime factors of (4/b)/(1204/603 - 2).
3, 67
Let u(i) = -i**3 - 25*i**2 + 25*i - 13. Let c be -1 - 6/((-12)/(-50)). Let d be u(c). Let v(y) = -y**2 + 30*y - 11. List the prime factors of v(d).
2, 3, 5, 7
Let f(c) be the second derivative of -c**4/6 + 7*c**3/3 - c**2 + 14*c. Let b be f(7). List the prime factors of b + (-206)/(-8) - (-3)/(-4).
23
Let w = 4 - -20. Suppose 2*m = -h + 6, 5*h - 2*m = h + w. What are the prime factors of 2 + h - (6 + -5)?
7
Let s = -7781 + 8338. What are the prime factors of s?
557
Let y(h) = -203*h + 7. Let r = -55 - -54. What are the prime factors of y(r)?
2, 3, 5, 7
Suppose -143*x + 3384530 = 141862. List the prime factors of x.
2, 5669
Suppose 15*m = 23*m - 24. What are the prime factors of -8*(m + 13)*-2?
2
Let b(t) = t + 17. Let w be b(-14). Let o(u) be the second derivative of 5*u**4/4 + 5*u**2 - 3*u. What are the prime factors of o(w)?
5, 29
Let n = 9647 - -1838. What are the prime factors of n?
5, 2297
Let i be -2 + (-5)/(6 + -1). Let r(y) = 3*y**2 + 7*y - 3. Let k be r(i). Suppose -3*n = 4*f - 492, 5*f + 2*n - 244 = k*f. List the prime factors of f.
2, 3, 7
Let m(n) = 651*n - 62. What are the prime factors of m(8)?
2, 31, 83
Suppose 0 = -5*d - v - 10, -2*d + d - 3*v - 2 = 0. Let y(i) = 3*i**2 + 3*i. Let t be y(d). List the prime factors of (-12)/8 - (-657)/t.
2, 3
Let l(n) = 6*n - 140. Let f be l(24). Suppose 0 = -f*c - 3*y + 967, -5*c + 85*y = 87*y - 1200. List the prime factors of c.
2, 7, 17
Let c = -432 + 437. Suppose c*s + 2*v - 3249 + 440 = 0, 4*v = 8. List the prime factors of s.
3, 11, 17
Let z = 6927 + -3338. List the prime factors of z.
37, 97
Suppose -2*h = -12*h + 1480. Suppose 748 = 3*a + 115. Let k = a - h. What are the prime factors of k?
3, 7
What are the prime factors of (24292/(-10))/((-130)/(-50) + -3)?
6073
Let b = -265 + 746. Let r(h) = 73*h**2 + h - 5. Let q be r(-4). Suppose -10*u + b = -q. List the prime factors of u.
2, 41
Suppose 0 = 25*g - 18*g - 10654. List the prime factors of g/10 - (5 - 192/40).
2, 19
Suppose -6*c + 8*c = 12. Let i be (-12)/9 + 8/c + 356. Suppose -2*v + i = 2*v. List the prime factors of v.
89
Let j(p) = p**2 + 27*p + 31. Let y be j(-26). Suppose y*f = 5*r + f - 2347, 2*r - 943 = 3*f. What are the prime factors of r?
467
Let w(q) = 48*q**3 + 4*q**2 - 2*q - 27. What are the prime factors of w(5)?
3, 43, 47
Suppose 0 = 4*q + 7*q - 143. Suppose -t - y = -2 + q, -2*t - 4*y = 20. What are the prime factors of -12*(87/t + 2)?
3, 7
Let p = -3067 - -4527. List the prime factors of 9/((-90)/(-4))*p.
2, 73
Let t = 380 + 44. What are the prime factors of t + 18/14 + 4/(-14)?
5, 17
Suppose 54354 = o - 49*f + 39*f, 2*o = -4*f + 108876. List the prime factors of o.
2, 6803
Let q be (-14)/(-7)*(-9)/6. Let u(w) = -56*w**3 + 2*w**2 + 5*w + 2. List the prime factors of u(q).
37, 41
Suppose -3*o - 13 + 25 = 0. Suppose -o*i + 3528 = 4*w, -5*w - 21 = 4. What are the prime factors of i?
887
Let w(k) = k**2 - 13*k + 46. Let x be w(5). Suppose x*o = -4*h - 100 + 2864, -5*o + 3445 = 5*h. What are the prime factors of h?
5, 137
Let p = -16 + 18. Suppose 10 + 8 = p*v. Suppose -7*c + 2*c + 350 = 5*j, -v = 3*c. List the prime factors of j.
73
Let y(r) = -66*r + 17. Let v be y(-11). Let k = v - 504. List the prime factors of k.
239
Let i = -36 + 62. Suppose i*u - 21*u = 25, -2*x + u = -1019. List the prime factors of x.
2
Suppose 0 = 2*z + 26 - 212. Suppose -z*c + 90*c = -5*s - 1733, 5*c - 2905 = 5*s. List the prime factors of c.
2, 293
Suppose -2*r = k - 608, 0*r - 3*k + 1212 = 4*r. Suppose -s - 1413 = -v - r, v - 1077 = -5*s. List the prime factors of v.
2, 19, 29
Let j(w) = 2*w**3 - 65*w**2 + 32*w + 2. Let c be j(32). Suppose 2*b = -3*y + 2512, 0*b + c*y + 3794 = 3*b. List the prime factors of b.
2, 631
Let c = 549 - 476. Let l = c + 370. What are the prime factors of l?
443
Let n = -4549 + 13836. List the prime factors of n.
37, 251
Let c be -1*(-3)/(15/20). Suppose -5*r = b + 16, 5*b - 8 = -2*r + c. What are the prime factors of -2 - -1 - (-54 - (-8 - r))?
7
Let j(b) = 526*b - 4. Let d be j(4). Suppose 77*y - 67*y = d. What are the prime factors of y?
2, 3, 5, 7
Suppose 7448 = 19*y + 33060. Let s = y - -2101. What are the prime factors of s?
3, 251
Let m = -610 + 427. Let n = m - -203. What are the 